et v be g(-1). Let p = v + -5. Let s(l) = l**3 + p + 2*l**2 + 0*l**2 - l + l**2. What is s(-4)?
-9
Let c be ((-60)/(-5))/2 - 1. Let h(i) = -i**2 + 3*i + 5. Determine h(c).
-5
Let y(m) = -m**3 - 2*m**2 + 4*m + 3. Let u = -4 - -1. Let q be y(u). Let s(b) = -b**3 + b**2 + 1. Determine s(q).
1
Suppose -3*o - 9 = -21. Let d = o - 6. Let h(r) be the third derivative of -r**5/60 - r**4/24 + r**3/3 - 12*r**2. What is h(d)?
0
Let i be (0 + (-3 - -4))*3. Let p(r) = -r**3 + 3*r**2 + 2*r - 3. Let b be p(i). Let y(q) = 2*q**3 - q**2 - b*q**3 - q**3 - q**2. Calculate y(-2).
8
Let w be 0/((-16)/4) + 2. Let q(m) = -5*m + 1. Calculate q(w).
-9
Let z(d) = d**2 - 6*d - 2. Suppose 4*c + 0 = 4. Let s(v) = v**2 - v. Let g be s(c). Suppose 4*u + g*u = 20. Determine z(u).
-7
Let b = -6 - -5. Let i be (-6)/6 + (-6)/b. Let l(y) be the second derivative of -y**5/20 + y**4/3 + y**3/3 + 7*y**2/2 + y. Give l(i).
-8
Let w(z) = -4*z**2 - z. Let y = 0 + 1. What is w(y)?
-5
Let z(u) = -12*u**2 + 1. Let t(p) = -11*p**2 + 1. Let q(w) = -3*t(w) + 2*z(w). Calculate q(1).
8
Let n(m) = 3 - 4 + 3 + 5 + m. Calculate n(-3).
4
Let o(h) = -4 - 2*h**3 + 11*h**2 + h**3 - 6*h**2. Give o(5).
-4
Let h(m) = m**2 + 1. Let k(n) = -3*n**2 + 5*n - 7. Let j(q) = -2*h(q) - k(q). Give j(5).
5
Suppose -8 = -2*o, -3*m - o + 1 = -3*o. Let k(n) = 2*n**2 - 78*n + 164*n - 82*n - n**3 - 3 + 0*n**3. Give k(m).
0
Let p(m) = -m**2 + 59 - 107 + 55. Let b(y) = y + 2. Let u be b(-2). Determine p(u).
7
Let z(r) = 2*r**3 + 1. Let c be z(1). Let w(d) = 2*d + 2. Give w(c).
8
Let m(w) = -w + 4. Let a be (2 - 0)/((-1)/(-2)). Suppose 0 = 4*t - 3*q - 21, 3*q + 5 + a = 0. Suppose -4*n + 1 = j - 12, -t*n = 4*j. Calculate m(j).
7
Suppose -r = 3*n + 3*r + 6, n = -4*r - 2. Let q(c) = 4*c + 1. What is q(n)?
-7
Let v = -1 + 0. Let r(s) be the third derivative of s**7/1260 - s**5/30 - 2*s**2. Let x(t) be the third derivative of r(t). Determine x(v).
-4
Let d(n) = -n**2 - n - 1. Let m(y) = -y - 1. Let k(q) = -d(q) - m(q). What is k(-5)?
17
Suppose -3*q + 9 = -0*d - 2*d, 2*q = 2*d + 6. Let j(o) be the first derivative of -3 - 1/2*o**2 - 1/3*o**3 + 13*o. Calculate j(d).
13
Let p(h) = h - 6. Suppose -2*i - 24 = 3*d, 0 = 5*d - 3*i + 7 + 14. Determine p(d).
-12
Suppose -5*z - 2*f - 11 + 95 = 0, -3*f = -5*z + 74. Suppose t = -3*i - 2*i - 24, -i - 3*t = z. Let d(b) = b**2 + 6*b + 2. Give d(i).
-6
Let w(u) = u**3 - 5*u**2 + 3*u - 9. Let m(p) = 2*p**3 - 5*p**2 + 3*p - 10. Let i(q) = -2*m(q) + 3*w(q). Give i(-6).
11
Suppose 2*q + q = 9. Let w(p) = -3*p + q*p - 4*p + 0*p. Determine w(2).
-8
Let g = 76 - 70. Let c(z) = -z**2 + 3*z + 3. Give c(g).
-15
Let q(k) = k + 1. Let i(d) = d + 1. Let a(m) = 6*i(m) - 2*q(m). What is a(-3)?
-8
Let y(h) = -3*h - 53 - h**2 + 0*h + 48 - 2*h. Let i be (-1 - -3)/(2/(-5)). Calculate y(i).
-5
Let c(k) = 4*k**3 - 3*k + 4. Let t(w) be the first derivative of 5*w**4/4 - 2*w**2 + 5*w + 3. Let r(g) = 4*c(g) - 3*t(g). What is r(1)?
2
Let f(g) = g. Let w(v) = -v**2 - 4*v + 3. Let x be w(-5). Let r(k) = -2*k. Let j be r(x). Suppose 3*t = j*t - 5. What is f(t)?
5
Suppose -4*s - 16 = -4*i, -i - s - 4 = 2*s. Suppose 4*k - 20 = 2*r, -k + 10 = i*r + k. Let t(q) = q**2 + q - 8. Determine t(r).
-8
Let m(w) = -w**2 + w. Let u(q) = 4*q**2 - 8*q - 1. Let d(c) = 5*m(c) + u(c). Suppose k = -2*k. Let s(f) = -f**2 - f - 2. Let x be s(k). Determine d(x).
1
Let c be (8/3)/(6/(-9)). Let g(j) = j**3 + 3*j**2 - 5*j - 4. Determine g(c).
0
Let y(s) be the second derivative of s**3/2 - 3*s. Let j(f) = -3*f. Let i(k) = 3*j(k) + 2*y(k). Give i(-1).
3
Let m(g) = -g - 1. Let z be m(-3). Suppose z = t - 1. Let d(r) be the second derivative of r**3/2 - r**2/2 - 98*r. Calculate d(t).
8
Let x = 6 + -1. Let f(q) = -q + 7. Calculate f(x).
2
Suppose 5*a = -4*j + 15, 3*a + 3*j - 9 = -j. Let c(x) = 2*x**2 + x**3 + 0*x**3 + x - 3*x**a. Determine c(2).
-6
Let g(k) = 5*k**2 + 5 - 2 + 39*k - 45*k - k**3. Give g(4).
-5
Let p be (5/3)/(80/96). Let k(w) be the first derivative of 4 - 2/3*w**3 - w**p + w. What is k(-3)?
-11
Let h = 8 + -6. Let u(o) = -o**2 + o**3 - 4*o + 5*o + h - o**2. What is u(2)?
4
Let p be (5 - -7)/(-1 + 0). Let a be 2*-6*(-3)/p. Let i(l) = l**3 + l**2 - l - 2. What is i(a)?
-17
Let h = -2 - -4. Suppose -12 = j + h*j. Let l(i) = -2*i**3 - 6*i**2 + 8*i - 5. Let n(f) = 3*f**3 + 6*f**2 - 9*f + 6. Let m(r) = j*l(r) - 3*n(r). Determine m(5).
2
Let d(x) = x - 3. Let g(q) = -q**2 + 4*q + 1. Let h be g(3). Let t be d(h). Let w(y) = -3*y + 1. Determine w(t).
-2
Let s = -1 - 1. Let c be (-2)/(-4)*-5*s. Let k(y) = y - 10. Give k(c).
-5
Let d(m) = m**3 + 2*m**2 - 4*m. Let o = -19 - -16. Determine d(o).
3
Let j be (-3)/(-6) - 21/6. Let x(b) be the first derivative of 4*b + 3*b**2 - 4 + 1/3*b**3. Determine x(j).
-5
Let u(o) = 1 + 0 + o - 8*o + o. Suppose i = -2*i + 3. Give u(i).
-5
Let u(k) = k**2 + 3*k + 5. Let o be u(-4). Let v(n) = n**3 - 10*n**2 + 7*n + 12. Calculate v(o).
-6
Let s(i) = -i - 6. Let j be s(-6). Let c(z) = 3*z + z**3 - 25 + 23 + 4*z**2 + j*z**2. What is c(-3)?
-2
Let w(n) = -n**3 - 2*n**2 - 5*n. Let a(u) = u**3 + 2*u**2 + 6*u + 1. Let v(s) = -3*a(s) - 4*w(s). Let z(y) be the first derivative of v(y). What is z(-2)?
6
Let a = 10 + -7. Let x be 3*(4/a)/(-4). Let v(k) = -12*k**3 - 2*k**2 - 2*k - 1. Calculate v(x).
11
Let z(q) = 2 + 1 - 2*q + 3*q. Let p = -5 + 9. Determine z(p).
7
Let b(o) = o**2 + 3*o - 2. Suppose 3*w = f + 4*f - 7, 0 = 4*w - f + 15. Determine b(w).
2
Suppose 3*g - 5*o = 19, -3*g - 5*o - 22 = -7*g. Let p(j) be the third derivative of j**4/24 + j**3/2 - j**2. Calculate p(g).
6
Let p be (-14)/(-4) - 15/10. Let w(q) = q. Give w(p).
2
Suppose -3*j + 44 = 6*a - 2*a, 4*j = 0. Let m(l) = -4*l - 2*l + 5*l - a + 0*l. Give m(0).
-11
Let u(q) = -5*q**2 - q + 1. Suppose -2*b = -0*b. Suppose 34 = -a + 4*d + 14, a + 3*d + 27 = b. Let z be a/(-15) + 9/(-15). What is u(z)?
-5
Suppose -4*d = 4*u + 4, -3*d - 1 = 2*u + 6. Let g(v) = v**3 - 3*v**2 - 2. Determine g(u).
14
Let t be 1/((-3)/9) - 0. Let u(h) = -3*h + 0*h**2 - 3*h**3 + 4*h**3 + 2*h**2. What is u(t)?
0
Let q = 85 - 28. Let t(w) = q*w**3 - 6*w - 6 + 5*w**2 + 4 - 6 - 56*w**3. What is t(-6)?
-8
Let n(x) = 6*x - 12. Let c(g) = 11*g - 23. Let z(u) = 3*c(u) - 5*n(u). Determine z(6).
9
Let y(a) = 5*a + 3*a**2 - 8*a**3 + 4*a**3 + 3*a**3 - 3*a. What is y(4)?
-8
Suppose 0 = 14*d - 41 - 15. Let b(f) = -f**2 + 5*f + 2. Give b(d).
6
Let y(v) = -3*v - v + 0*v + 0 + 1 - v**2. Give y(-5).
-4
Let k(s) = -s - 1. Let l = 39 - 47. Determine k(l).
7
Let f be 2/(-80)*(-8 + 6). Let n(z) be the second derivative of 0 - 2*z**2 + f*z**5 + 2*z - 1/4*z**4 - 1/3*z**3. Determine n(4).
4
Let g(i) = -i. Let q(d) be the first derivative of -2*d**3/3 - 5*d**2/2 - d + 3. Let c(r) = -2*g(r) + q(r). What is c(-2)?
-3
Suppose -5*o - 27 = 13. Let d(g) = g**3 + 8*g**2 - g - 7. Calculate d(o).
1
Let m(n) be the first derivative of -2*n**3/3 - 3*n**2/2 - 2*n + 2. Let w be 1 + (-2)/2 + 1. Suppose 3*i + 3 = -x - 2, 0 = -i - w. Give m(x).
-4
Let z(q) = -q**2 - q. Let i(t) = 8*t**2 + 4*t - 1. Let n be 12 - (3 + 0) - 3. Let o(f) = n*z(f) + i(f). Determine o(3).
11
Suppose 0 - 21 = -3*p. Let m = -10 + p. Let c(q) = q**3 + 2*q**2 - 2*q. Calculate c(m).
-3
Let r(m) be the third derivative of m**5/60 - 3*m**4/8 - 5*m**3/6 - 5*m**2 - 4. Calculate r(8).
-13
Let g(n) = 2 + 23*n - 11*n**3 + 21 + 4*n**2 - n**2 - 6. Let x(o) = 5*o**3 - o**2 - 11*o - 8. Let f(t) = -6*g(t) - 13*x(t). Suppose 0 = -4*v + v + 12. Give f(v).
6
Let c(x) be the third derivative of -1/60*x**5 + 4*x**2 + 0*x + 1/4*x**4 + 7/6*x**3 + 0. What is c(5)?
12
Let r(g) = -3*g. Let t be r(-1). Let s(u) be the second derivative of -u**4/6 - u**3/6 + 2*u**2 + 4*u. Let i(y) = y - 1. Let j(z) = t*i(z) + s(z). Give j(-1).
-3
Suppose 6*h - 15 = -15. Let p(u) be the first derivative of -1/3*u**3 - 1 - 1/4*u**4 + 0*u**2 - 5*u. Give p(h).
-5
Suppose -10 = l + l. Let g = 0 + l. Let d(p) = -4*p**2 + 3*p + 7. Let v(b) = -b**2 - b. Let m(t) = -d(t) + 5*v(t). What is m(g)?
8
Let v(f) = -f**2 - 3*f + 2. Let a(q) = q**3 + 7*q**2 - 10*q - 14. Let j be a(-8). Calculate v(j).
-8
Let r(m) = m**3 + m**2 + m - 13. Suppose -2*o - 106 = 4*c, 0 = 4*c - 3*o + 4*o + 101. Let s = -24 - c. Give r(s).
-13
Let m(t) = -t**2 - 3*t - 3. Let r(q) = -q - 1. Let k(x) = m(x) - 4*r(x). Give k(-3).
-11
Let